ors of 24727577.
7, 3532511
What are the prime factors of 125839?
7, 17977
List the prime factors of 34241.
97, 353
List the prime factors of 322222.
2, 73, 2207
What are the prime factors of 25077704?
2, 3134713
What are the prime factors of 234392?
2, 83, 353
List the prime factors of 553411.
553411
What are the prime factors of 958167?
3, 7, 67, 227
What are the prime factors of 950906?
2, 11, 43223
List the prime factors of 600159.
3, 7, 28579
List the prime factors of 1662180.
2, 3, 5, 13, 2131
List the prime factors of 3033630.
2, 3, 5, 37, 911
List the prime factors of 364360.
2, 5, 9109
List the prime factors of 2462804.
2, 53, 11617
List the prime factors of 2074705.
5, 19, 21839
What are the prime factors of 2406915?
3, 5, 7, 283
What are the prime factors of 270813?
3, 90271
List the prime factors of 2991028.
2, 313, 2389
What are the prime factors of 10828188?
2, 3, 7, 14323
What are the prime factors of 8003215?
5, 11, 145513
What are the prime factors of 97586?
2, 59, 827
List the prime factors of 2521430.
2, 5, 252143
What are the prime factors of 32635131?
3, 10878377
What are the prime factors of 12273365?
5, 13, 31, 6091
List the prime factors of 1403419.
827, 1697
List the prime factors of 377130.
2, 3, 5, 13, 967
List the prime factors of 65268.
2, 3, 7, 37
What are the prime factors of 13906896?
2, 3, 289727
What are the prime factors of 1592882?
2, 59, 13499
What are the prime factors of 636745?
5, 347, 367
What are the prime factors of 4056007?
41, 98927
What are the prime factors of 359381?
11, 37, 883
List the prime factors of 24426442.
2, 12213221
What are the prime factors of 13188118?
2, 6594059
List the prime factors of 2462705.
5, 7, 17, 4139
List the prime factors of 244297.
244297
List the prime factors of 1058286.
2, 3, 233, 757
What are the prime factors of 11726398?
2, 5863199
What are the prime factors of 3483415?
5, 13, 53591
What are the prime factors of 969168?
2, 3, 61, 331
What are the prime factors of 5086291?
7, 569, 1277
What are the prime factors of 9114488?
2, 73, 15607
What are the prime factors of 704870?
2, 5, 70487
List the prime factors of 1348627.
7, 17, 1619
List the prime factors of 64309.
7, 9187
List the prime factors of 3773111.
3773111
List the prime factors of 8825633.
19, 59, 7873
List the prime factors of 268658.
2, 13, 10333
List the prime factors of 3435766.
2, 1069, 1607
What are the prime factors of 451563?
3, 7, 21503
List the prime factors of 499835.
5, 7, 14281
List the prime factors of 302031.
3, 37, 907
What are the prime factors of 2049422?
2, 1024711
List the prime factors of 1200881.
11, 109171
List the prime factors of 256809.
3, 7, 1747
What are the prime factors of 449353?
449353
What are the prime factors of 1415926?
2, 23, 30781
What are the prime factors of 22166562?
2, 3, 11, 335857
What are the prime factors of 3907830?
2, 3, 5, 130261
List the prime factors of 224828.
2, 56207
What are the prime factors of 974992?
2, 60937
What are the prime factors of 1386868?
2, 7, 49531
List the prime factors of 375559.
375559
What are the prime factors of 485400?
2, 3, 5, 809
List the prime factors of 445976.
2, 107, 521
List the prime factors of 6590245.
5, 19, 69371
What are the prime factors of 26984097?
3, 7, 47591
What are the prime factors of 1579124?
2, 211, 1871
What are the prime factors of 2761842?
2, 3, 41, 103, 109
List the prime factors of 4633509.
3, 1544503
List the prime factors of 19243913.
13, 1480301
List the prime factors of 25072.
2, 1567
What are the prime factors of 86509?
86509
What are the prime factors of 252951?
3, 84317
List the prime factors of 5651734.
2, 11, 31, 8287
What are the prime factors of 4515163?
157, 28759
What are the prime factors of 2530719?
3, 281191
What are the prime factors of 555304?
2, 41, 1693
List the prime factors of 477076.
2, 41, 2909
What are the prime factors of 27257923?
7, 11, 79, 4481
List the prime factors of 600314.
2, 11, 13, 2099
What are the prime factors of 2315252?
2, 53, 67, 163
What are the prime factors of 696729?
3, 11, 43, 491
List the prime factors of 361874.
2, 19, 89, 107
List the prime factors of 248796.
2, 3, 6911
What are the prime factors of 5938848?
2, 3, 17, 1213
List the prime factors of 95487.
3, 7, 4547
What are the prime factors of 41413?
41413
List the prime factors of 7760392.
2, 563, 1723
List the prime factors of 5125139.
5125139
List the prime factors of 2020882.
2, 809, 1249
List the prime factors of 1665151.
29, 67, 857
List the prime factors of 14254682.
2, 13, 397, 1381
What are the prime factors of 1948463?
11, 16103
List the prime factors of 5560766.
2, 167, 16649
What are the prime factors of 23803?
13, 1831
What are the prime factors of 147645?
3, 5, 17, 193
List the prime factors of 373260.
2, 3, 5, 6221
List the prime factors of 5416616.
2, 677077
List the prime factors of 199372.
2, 49843
What are the prime factors of 2459721?
3, 11, 19, 3923
List the prime factors of 14963207.
7, 37, 57773
What are the prime factors of 218862?
2, 3, 7, 193
List the prime factors of 981614.
2, 17, 28871
What are the prime factors of 2448692?
2, 612173
What are the prime factors of 6167273?
7, 71, 12409
What are the prime factors of 108871?
7, 103, 151
What are the prime factors of 4370209?
19, 67, 3433
What are the prime factors of 9895815?
3, 5, 29, 7583
What are the prime factors of 1197015?
3, 5, 79801
List the prime factors of 817660.
2, 5, 40883
What are the prime factors of 1064610?
2, 3, 5, 3943
List the prime factors of 207743.
207743
What are the prime factors of 2313330?
2, 3, 5, 29, 2659
What are the prime factors of 854512?
2, 53407
What are the prime factors of 2157331?
11, 23, 8527
List the prime factors of 640455.
3, 5, 42697
List the prime factors of 831089.
7, 2423
What are the prime factors of 9287229?
3, 7, 467, 947
What are the prime factors of 2743978?
2, 1371989
List the prime factors of 22614420.
2, 3, 5, 17, 22171
What are the prime factors of 4317842?
2, 2158921
What are the prime factors of 20286597?
3, 1321, 5119
List the prime factors of 2946800.
2, 5, 53, 139
List the prime factors of 433006.
2, 7, 157, 197
What are the prime factors of 32290899?
3, 19, 37, 61, 251
What are the prime factors of 6454749?
3, 7, 379, 811
What are the prime factors of 19394298?
2, 3, 7, 11, 1999
List the prime factors of 610884.
2, 3, 71, 239
List the prime factors of 9062424.
2, 3, 7, 17981
What are the prime factors of 1874281?
733, 2557
What are the prime factors of 13226448?
2, 3, 71, 3881
What are the prime factors of 11845981?
7, 1692283
List the prime factors of 44877.
3, 7, 2137
What are the prime factors of 1014231?
3, 23, 14699
What are the prime factors of 2560232?
2, 79, 4051
List the prime factors of 936638.
2, 468319
List the prime factors of 339962.
2, 7, 3469
What are the prime factors of 481061?
7, 19, 3617
List the prime factors of 141834.
2, 3, 7, 11, 307
What are the prime factors of 5516185?
5, 1103237
List the prime factors of 1343559.
3, 7, 137, 467
List the prime factors of 141872.
2, 8867
What are the prime factors of 12592112?
2, 13, 60539
List the prime factors of 11064528.
2, 3, 76837
List the prime factors of 845326.
2, 71, 5953
List the prime factors of 1448321.
7, 113, 1831
List the prime factors of 511872.
2, 3, 31, 43
List the prime factors of 1642141.
1642141
What are the prime factors of 543497?
543497
What are the prime factors of 1337339?
17, 97, 811
List the prime factors of 11559884.
2, 7, 58979
List the prime factors of 222178.
2, 11, 10099
List the prime factors of 2884999.
13, 43, 397
What are the prime factors of 11339034?
2, 3, 7, 17, 15881
What are the prime factors of 2918722?
2, 139, 10499
What are the prime factors of 1128283?
13, 229, 379
What are the prime factors of 13030256?
2, 113, 7207
What are the prime factors of 30045931?
30045931
List the prime factors of 88582.
2, 13, 3407
What are the prime factors of 8321?
53, 157
What are the prime factors of 621041?
61, 10181
List the prime factors of 457037.
7, 109, 599
List the prime factors of 291284.
2, 7, 101, 103
What are the prime factors of 1027330?
2, 5, 19, 5407
What are the prime factors of 354186?
2, 3, 7, 937
List the prime factors of 51083.
23, 2221
What are the prime fac